20 + 7*i**4/12 + 2*i**3/3 + 7*i**2/2 - i. What is the units digit of v(-6)?
9
Let x be (1 + 11)*(-3)/(-1). Suppose 2*m - x = -2*m. Suppose k = -3*r + 15, 3*k = 4*k - 3*r + m. What is the units digit of k?
3
Let j(k) = -13*k + 13*k + 12 - k**3. Let z be j(0). Suppose 0 = -5*r + 3*r - 5*d + z, 2*d - 1 = 3*r. What is the units digit of r?
1
Let x(z) = -14*z**3 + 2*z**2 - 1. Let r = -7 + 6. What is the units digit of x(r)?
5
Suppose 2*j + j = 0. Let w be (-2)/4*j/4. Suppose 84 = -w*n + 4*n. What is the units digit of n?
1
What is the tens digit of ((-160)/(-3))/2*18/5?
9
Suppose -2*t - 8 = 2. Let h = t - -7. What is the units digit of h?
2
Suppose 0 = 22*s - 23*s + 138. What is the hundreds digit of s?
1
Let y be (5/(-4))/((-1)/4). Suppose 0 = -y*t - 31 + 111. What is the tens digit of t?
1
Let n be (-4 - 1)/(-2 + 1). Suppose -3*z - 16 = -2*h - 5*z, h + 1 = 2*z. Suppose 5*c = h*v + 10, n = 5*c - 2*v - 2. What is the units digit of c?
1
Suppose 0 = -3*f - 4*y - 38, 2*y + 7 - 33 = 3*f. Let b = f - -20. What is the tens digit of b?
1
Suppose 5*f - 2*j + 0 - 9 = 0, 0 = 3*j - 9. Suppose -f - 3 = 3*i. What is the units digit of 1 - (-1 + -4 + i)?
8
Let g(c) = -4*c**2 + c**3 + 8*c**2 + 9 - 2*c**3 - 5*c + 3*c**2. What is the tens digit of g(6)?
1
Suppose 2*x - 27 = 43. Suppose 5*h - 14 - 6 = 0. Suppose d + 4*d = -h*s + x, s - 12 = 2*d. What is the tens digit of s?
1
Let j = 14 + 95. What is the hundreds digit of j?
1
Let o(w) = 2*w + 19. What is the units digit of o(2)?
3
Suppose -3*m = -5*m + 182. What is the units digit of m?
1
Let p(v) = -v + 1. Let o be p(8). Let l be (-2 + 36/15)*-40. Let i = o - l. What is the units digit of i?
9
Let a(w) = -w**3 + 6*w**2 + 11*w + 8. What is the tens digit of a(6)?
7
Let y(g) be the third derivative of -g**4/12 + g**3/6 + g**2. Let k be y(1). Let b = 3 + k. What is the units digit of b?
2
What is the tens digit of -3*430/(-75)*5*2?
7
Let o be (4 + -1)*(2 - -1). Let j(l) = l**2 - 6*l + 6. What is the units digit of j(o)?
3
Suppose -2*p + 80 = 2*x, 3*p + 0*p - 5*x - 80 = 0. What is the tens digit of p?
3
Let h = -72 + 85. What is the tens digit of h?
1
Let g be 18/(-12)*(-4)/6. Let i be 1/(-2*(-1)/6). Let n = i - g. What is the units digit of n?
2
Let z be (0 - 0)*(-9 + 10). Suppose z*h - 2*h = -54. What is the tens digit of h?
2
Suppose 13*n - 20*n + 112 = 0. What is the units digit of n?
6
Let i(y) = y**3 - 7*y**2 + 5*y + 4. Let w be i(6). What is the tens digit of (30/4)/((-1)/w)?
1
Let u(y) = y**3 + 15*y**2 - 3*y + 34. What is the tens digit of u(-15)?
7
Let u be ((-16)/12)/((-3)/9). Suppose 5*s = u + 66. What is the units digit of s?
4
Suppose -3*j = 2*j - 4*k, -4*j = -2*k. Let r = 0 - -4. What is the units digit of 2/1 - (j - r)?
6
What is the tens digit of (1/(-3))/1 - 184/(-12)?
1
Let t = 5 + -5. What is the units digit of -5*(-2 + 1 + t)?
5
Let k(a) be the first derivative of a**2/2 - 2. Let h be k(2). Let u = 3 - h. What is the units digit of u?
1
Suppose -n + 133 = -1. What is the tens digit of n?
3
Suppose -4*q + 5*m - 75 = 0, 3*q - m + 3*m = -62. Let g = q - -33. What is the tens digit of g?
1
Let i(l) = 6*l**3 + l + 1. Let p be i(-1). Let s(v) = v**3 + 6*v**2 - 2*v + 8. What is the units digit of s(p)?
0
Let i = 8 + -4. Suppose b - 4*b + 23 = -w, 3*b - i*w - 38 = 0. What is the units digit of b?
6
Let u = 12 - -2. What is the tens digit of u?
1
Let p = -4 - -1. Let s = p + 7. Suppose 0*d = s*d - 4. What is the units digit of d?
1
Suppose -3*h = -h - 134. What is the units digit of h?
7
Let s(p) = -p - 7. Let r = 3 - 11. What is the units digit of s(r)?
1
What is the hundreds digit of 258*(14*2/8 - 3)?
1
Let w(q) = -q**3 - q + 45. What is the units digit of w(0)?
5
Let b be 11 - (-3)/(3 - 4). Let w be 2/b + 408/32. Suppose -4*m + w + 27 = 0. What is the tens digit of m?
1
Let k = -58 + 82. What is the units digit of k?
4
Suppose -4*k + 133 + 90 = j, 0 = -2*j - 10. What is the units digit of k?
7
Let d(w) = 4*w - 2. Let c(l) = l - 1. Suppose -y + 5*i + 17 = 49, 4*y - 4*i = -48. Let o(v) = y*c(v) + 2*d(v). What is the units digit of o(4)?
7
Let m(r) = 9*r - 3. Let n be m(5). What is the units digit of 0 + n - 13/(-13)?
3
Let y be 2 + -1 + -1 + 0. Let q be 4/2*1 + y. Suppose 0 = q*x - 4*c - 6, -4*x - 5*c + 3*c + 32 = 0. What is the units digit of x?
7
Let u(z) = 5*z**3 - z**2 + z. Let o be u(1). Suppose -o*a = -3*g - 29, -a + 3*g + 13 = -0*a. Let b(x) = x**2 + x - 4. What is the tens digit of b(a)?
1
Suppose 2*t - u - 35 = 0, -5*t - 2*u + 18 = -47. What is the units digit of t?
5
Let a(c) = 47*c**3 - c. What is the tens digit of a(1)?
4
Let m(x) = x**3 + x + 4. Suppose 0*f = 3*f. What is the units digit of m(f)?
4
Let j = -5 - 0. Let y be (-1)/j - 93/15. What is the tens digit of -32*(15/y - -2)?
1
Let t be (-8)/(-36) - (-723)/27. What is the tens digit of (-9)/t + 62/6?
1
Let n be (90/(-25))/((-6)/20). Let t(u) = -u**2 - 4*u. Let p be t(-5). Let a = p + n. What is the units digit of a?
7
Let u be (-8)/28 + (-5)/7. Let g be 2 - (-2 - -1)/u. What is the units digit of (-4)/(-2)*g - -6?
8
Let l(c) = -2*c - 2. Let i = 4 - 8. What is the units digit of l(i)?
6
Let p be (-5)/(-2) + (-5)/10. Suppose -p = -4*b - 10. What is the units digit of b/(-4)*3*2?
3
Let x(l) = -l**3 + 2*l + 19. What is the units digit of x(0)?
9
Suppose -2*r - 4 = -3*r. Suppose -5*b - 36 = -4*l, -r*l - 2*b = b - 36. What is the units digit of l?
9
Let o(k) = -k**3 + 2*k**2 + k. Let s be o(2). Suppose -7 - 1 = -s*y. Suppose -2*w + 2*n + y = 0, n + 2*n = -3*w + 18. What is the units digit of w?
4
Let g(i) = -i**3 - 6*i**2 - 4*i - 8. Let r be (1/2)/((-5)/60). What is the units digit of g(r)?
6
Suppose 4*w - c = 63 + 469, 520 = 4*w + 2*c. What is the hundreds digit of w?
1
Let l be (-2)/(-8) - (-327)/4. Suppose i = -2*n + 15, -n + l - 7 = 5*i. What is the units digit of i?
5
What is the tens digit of (12 - 9) + 94*2?
9
Let n be 18 - (-1 - (0 + 1)). Suppose 7*p - n = 3*p. What is the units digit of (-124)/(-10) + (-2)/p?
2
Let g(n) = 2*n**2 + 2*n - 3. What is the units digit of g(-9)?
1
Suppose 52 = -22*p + 24*p. What is the units digit of p?
6
Suppose 3 + 48 = o + 4*x, -2*o - 4*x = -82. Let n be o/4 + (-4)/(-16). Suppose n = c - 4. What is the tens digit of c?
1
Suppose 2*w - 2*s + 0*s - 10 = 0, -4*w - 2*s = -14. Suppose -5*v = 10, k - w*v - 3 = 23. What is the units digit of k?
8
Let i(d) = -d. Let h be i(-2). What is the units digit of (-1)/(h/(-18)) - 0?
9
Let d(k) be the second derivative of k**3/3 - k**2 + k. Let r be d(7). Suppose -a + r = a. What is the units digit of a?
6
Let y(q) = 59*q**2 - q. Let f be y(1). Let m = f - 40. What is the units digit of m?
8
Suppose 2*v - 4 = 4. Suppose 3*z - v*u - 33 = 0, 2*z - 7 = 5*u + 8. What is the units digit of z?
5
Suppose -14 = -2*v + 3*j, 23 - 5 = 5*v + j. Let y be ((-120)/70)/(v/(-14)). Let o = 8 - y. What is the units digit of o?
2
Let v(w) = w + 9. Let a be v(-9). Suppose a*b - 4*b = -z - 3, 0 = 3*z + 3*b - 51. What is the units digit of z?
3
Let y(q) = -q - 1. Let g be y(7). Let z = g + 4. Let k = -3 - z. What is the units digit of k?
1
Suppose 0 = -3*b + 21 + 51. Suppose 6*x + b = 102. What is the tens digit of x?
1
What is the units digit of 5/(-1) - (-22 - -6)?
1
Suppose -2*x - 2*x = 3*i - 130, 4*x + 4*i - 128 = 0. What is the units digit of x?
4
Let u(o) = 6*o**3 + 2*o - 3. Let q be u(2). Suppose 2*k - q = 13. What is the tens digit of k?
3
Let p(f) = 3*f + 48. What is the units digit of p(17)?
9
Let l(h) = h**3 - 7*h**2 + 5. Let d be l(7). Let o = 0 - d. What is the tens digit of 13 - ((-6)/2 - o)?
1
Suppose -5*g + 2*u - 80 = -6*g, 5*u + 460 = 5*g. What is the units digit of g?
8
Let t be 1 + 12/(0 + 3). Let f be t/(-2)*(-12)/6. Suppose f*g + j + 3 = 18, -6 = -2*g + 3*j. What is the units digit of g?
3
Let k(c) = 3*c - 1. Let w be k(2). Suppose -125 = -w*f + 100. What is the units digit of 2/(3*6/f)?
5
Suppose -4 - 3 = -h. Let c(b) = -2*b**2 + h*b + 3*b**2 + 5 - 2*b**2. What is the units digit of c(7)?
5
Suppose 9*x - 4*x - 10 = 0. Let g(j) = 4*j**2 - 2*j - 1. Let n be g(x). Suppose 5*k - 36 = -n. What is the units digit of k?
5
Suppose -3*l + 6*l - 453 = 0. What is the tens digit of l?
5
Suppose 4*q - 2*q - 22 = -4*u, 3 = 3*q. Suppose -78 = -u*m + 62. What is the tens digit of m?
